ommon divisor of 9 and w.
9
Let j = -3 - -6. Suppose j*a - 87 - 3 = 0. Let s be (-20)/3*(-12)/8. What is the highest common factor of a and s?
10
Let m(l) = -l**3 + 25*l**2 - 43*l - 55. Let a be m(23). Calculate the highest common divisor of 84 and a.
14
Suppose -950 = -23*s + 1212. What is the greatest common divisor of 423 and s?
47
Suppose 3*r = -0*r + 3*w + 72, r = -5*w + 12. Let o = -2 + r. Suppose -l - o = -5*l - 5*h, 2 = l + 2*h. What is the highest common divisor of 10 and l?
10
Let x(w) be the first derivative of -w**4/4 + 4*w**3 - 15*w**2/2 - 4*w - 1. Let a be x(9). What is the greatest common factor of 13 and a?
13
Suppose k - 1 = c, -2*c - 3 + 6 = -k. Let v be (-12)/(-3) + -1 + -1. Calculate the highest common divisor of v and c.
2
Suppose -2*i - w + 146 + 77 = 0, 208 = 2*i - 4*w. Suppose -216 = 12*h - 14*h. Let s = h + -98. What is the highest common divisor of s and i?
10
Let v = 17 + 37. Calculate the highest common divisor of v and 864.
54
Let j be 2 - 31/(-5) - (-30)/(-25). Let x(s) = -33*s - 3. Let c = -6 - -4. Let i be x(c). Calculate the highest common divisor of i and j.
7
Let w be 1/(-2 + (-36)/(-16)). Let b(n) = -n**2 + 16*n - 46. Let i be b(12). Calculate the highest common factor of w and i.
2
Let t(v) = 2*v**3 - 51*v**2 + 27*v + 14. Let z be t(25). Calculate the highest common factor of z and 704.
64
Let h = -1455 + 1468. Calculate the greatest common factor of 299 and h.
13
Suppose 2*j - 327 = k, 0 = 2*j + 2*j + 4*k - 636. Suppose -2*c - j = -4*g, 328 = 5*g + 3*c + 98. What is the highest common factor of 473 and g?
43
Let j = -681 - -724. What is the greatest common factor of j and 1161?
43
Suppose 55 = 2*y - 3*o, -y + 21*o = 19*o - 27. What is the greatest common factor of y and 116?
29
Suppose -v - 37 = 4*o - 39, 5*o = -v + 1. Calculate the greatest common factor of v and 96.
6
Let d be 113 + 3 + 20/(-4). Calculate the greatest common factor of 74 and d.
37
Let b be 142*(1 - 4 - -4). Calculate the highest common divisor of b and 213.
71
Suppose 4*j - 86 = -4*x + 10, -2*j - 90 = -4*x. What is the highest common factor of x and 253?
23
Let d be 4*1*(3 - -43). What is the greatest common divisor of 23 and d?
23
Suppose -139 - 71 = -2*o - 2*h, -5*h = -25. What is the highest common factor of 2900 and o?
100
Suppose -6*z = -1 - 5. Let k be (z/2*4)/(10/140). Calculate the greatest common divisor of k and 252.
28
Let s be 14/(((-25)/(-150))/((-1)/(-4))). Let w be ((-63)/(-15))/(2/30). Calculate the highest common divisor of s and w.
21
Let m = -78 + 88. Suppose -13*l = -m*l - 42. What is the greatest common divisor of l and 98?
14
Let y = 48 + -20. What is the greatest common divisor of 224 and y?
28
Let k be (2 + (1 - 0))*4. Let b(v) = 7*v - 62. Let r be (-27 + 6)*(8/(-12) - 0). Let f be b(r). What is the greatest common factor of f and k?
12
Let y be (-161)/(-46) + (-3)/(-2) + 33. Calculate the greatest common divisor of y and 4.
2
Let w(m) = -4*m + 5. Let y be w(5). Let q = y - -9. Let f be (-4)/q*18/12. Calculate the highest common divisor of f and 8.
1
Suppose -5 = -5*j + 25. Let u be ((-2)/6)/(j/(-72)). Suppose -u*t + 133 + 1019 = 0. What is the greatest common divisor of 32 and t?
32
Let k(o) = -1418*o**3 - 2*o**2 + 24*o + 24. Let l be k(-1). Calculate the greatest common divisor of l and 24.
24
Suppose n + c = 20, 5*n - 5*c = 213 - 63. Let h be -2*2/12*(-3 - 822). Calculate the highest common divisor of n and h.
25
Let t be 6/4*(-48)/(-18) - -381. What is the greatest common factor of 35 and t?
35
Let k = 10 - 5. Suppose -k*i + 467 = 82. Suppose -2*x = 2*p - 218, p - 3*x - 44 = i. What is the greatest common factor of 16 and p?
16
Suppose 2*j - 3*o = -3*j + 649, 0 = -2*j + o + 259. What is the highest common factor of 16 and j?
16
Let l = -18 + 53. Suppose -34*k + 38*k + 988 = 4*d, 4 = -2*k. Calculate the highest common divisor of d and l.
35
Let q be (-8540)/(-220) - ((-60)/(-33) + -2). Calculate the highest common factor of 6 and q.
3
Suppose -9*l = -10*l. Suppose s + l - 9 = 0. What is the greatest common factor of s and 72?
9
Let c(w) = 4*w - 26. Let i be c(7). Suppose -i*n = -7*n - b + 10, -2*b = -3*n + 19. Calculate the highest common divisor of n and 33.
3
Let q = 32 - 23. Suppose -4*b + 47 = q*l - 8*l, 0 = -5*l + 4*b + 187. Calculate the greatest common divisor of 26 and l.
13
Suppose -1470 = -74*x + 64*x. Calculate the greatest common factor of x and 168.
21
Let s(p) = 3*p**2 + 2*p + 6. Let g be s(-9). Suppose 2*c = -2*v + 3*v - 39, -c = -2*v + 69. What is the highest common factor of g and v?
33
Suppose s + 1 + 6 = 2*k, -5*k + 5*s = -20. Suppose -o + 26 + 5 = t, k*o - 4*t = 86. What is the greatest common factor of 12 and o?
6
Let x(v) = -v**2 - 15*v - 12. Suppose 50 - 6 = -4*p. Let q be x(p). Let s = -10 + 18. Calculate the greatest common divisor of s and q.
8
Suppose -2*c + 284 = -3*p + 4*p, 5*p - 3*c - 1368 = 0. What is the greatest common divisor of 6 and p?
6
Let i(x) be the second derivative of -x**3/3 - x**2/2 - 5*x. Let s be i(1). Let u be 15/(s + (-20)/(-6)). Calculate the greatest common factor of u and 15.
15
Let c be (-22)/8 + 2 - 378/(-56). Calculate the greatest common factor of 438 and c.
6
Let o(w) = w**2 + 7*w - 29. Let v be o(4). What is the greatest common factor of v and 24?
3
Let i(c) = 147*c + 2. Let b be i(2). Suppose 5*f - a - 3*a = b, -5*a - 295 = -5*f. What is the greatest common factor of 15 and f?
15
Let j(y) = -y**2 + 5*y + 111. Let k be j(-8). What is the greatest common divisor of 1169 and k?
7
Let d = 87 - 159. Let s = 136 - d. What is the highest common factor of s and 26?
26
Let q(y) = 13*y + 178*y**2 - 19 - 87*y**2 - 89*y**2. Let h be q(5). What is the highest common factor of h and 12?
12
Let n(f) = f**3 - f**2 - 4*f - 16. Let k be n(12). Suppose p = -4*p - k. Let r be p/(-64) - (-2)/8. Calculate the greatest common divisor of 20 and r.
5
Let r = -4 - -10. Suppose 0 = -s + r*s - 105. Suppose 0*z - 3*z = -21. What is the greatest common factor of z and s?
7
Suppose 3*v - 5*z = 263 - 36, -2*z = 8. Suppose 2*g - 67 - v = 0. Suppose 3*r - g - 64 = 0. What is the greatest common divisor of r and 11?
11
Suppose 4*w + 0*m - 2*m = -10, w - 5*m + 25 = 0. Suppose -2*n = 5*o - 22, 2*n + w*o - 22 = -2*o. Calculate the greatest common divisor of 44 and n.
11
Suppose -11*h = -1061 - 3515. Calculate the highest common divisor of h and 26.
26
Let o(w) = -8*w - 27. Suppose 4*s = -4*v - 20, -4*v + 3 = 5*s + 29. Let a be o(s). Calculate the greatest common factor of a and 21.
21
Suppose 0 = 2*q - 750 + 714. What is the greatest common factor of 30 and q?
6
Let x(i) = -4*i - 1. Let d be x(-2). Let q = 35 + d. Let t be (3 - 0)/(9/q). Calculate the highest common factor of 7 and t.
7
Let t = 1430 - 1342. Calculate the highest common factor of t and 594.
22
Suppose 10*r = -16*r + 208. Calculate the greatest common divisor of r and 20.
4
Let v be (1 - (0 + -4))*1. Suppose -w = -2*l - 37 - 3, 80 = 2*w - 3*l. Calculate the greatest common factor of w and v.
5
Let c = 9 + -8. Let p be (c/1)/((-4)/(-56)). Let k be (-210)/25*30/(-12). What is the greatest common factor of k and p?
7
Let z = 352 - 104. Suppose 4*l = 5*a - z, 4*a - 5*l - 244 = -51. Calculate the highest common divisor of 39 and a.
13
Suppose 0 - 20 = -5*x. Let s be 42/(-56) + 43/x. Let q = -47 + 87. What is the highest common factor of q and s?
10
Suppose -3*s - 2 = -y, -4*s - 4 = -3*y + y. Calculate the greatest common factor of y and 2.
2
Suppose -2*l = b + 6, -3*b = -7*b - 2*l - 42. Let r = b - -20. Suppose 0 = -8*m + 10*m - r. Calculate the highest common divisor of m and 36.
4
Suppose -14 = 2*l - 54. Suppose -4*n - n - l = 0, 188 = 3*o - 2*n. Calculate the highest common factor of o and 36.
12
Suppose 4*d + 96 = x, 0 = 5*x + 5*d + 53 - 533. Calculate the highest common divisor of 128 and x.
32
Let z = -1122 - -1904. Calculate the greatest common divisor of 46 and z.
46
Let r be 2*((-45)/(-6) - 0). Let s be ((-20)/6)/(816/(-162) - -5). Calculate the highest common factor of r and s.
15
Let l = 111 + -129. Let f be -3*l/(-6)*2/(-6). Calculate the highest common divisor of 48 and f.
3
Suppose 3*i - 13 = 3*q - 2*i, 0 = 5*q + 3*i - 35. Suppose -5*y + y + 156 = -2*s, -3*s + 176 = q*y. Calculate the greatest common divisor of y